2
Suppose -2*t + 1 = 9, -4 = -4*w - 2*t. Let o be (-1)/2*(w + -1). Let l(m) = -5*m**3 + 2*m**2 + 2*m + 1. Calculate l(o).
6
Let n(t) be the first derivative of 2*t**3/3 - 3*t**2/2 + 3*t - 2. Let d be n(2). Let x(l) = l**2 - 3*l - 9. Let f(v) = 1. Let u(c) = -6*f(c) - x(c). Give u(d).
-7
Let g(r) = -2*r**3 - 4*r**2 + 2*r. Let l(c) = c**3 + c**2 - 1. Let o(w) = -g(w) - 3*l(w). Calculate o(2).
-5
Suppose -2*d = 2*d + 4. Let q(l) = 9*l - 10. Let z be 5 + (3 + -2 - -1). Let o(m) = 3*m - 3. Let w(h) = z*o(h) - 2*q(h). Determine w(d).
-4
Let a(b) = 4*b - 31. Let k(p) = -p + 10. Suppose 10*r + i - 13 = 5*r, -4*r + 4*i - 4 = 0. Let u(n) = r*a(n) + 7*k(n). Calculate u(0).
8
Let n(u) = 3 - u**2 + 0*u**2 - 2*u + 0*u**2. Suppose w - 3*c = -6, -w - 6*c - 2 = -5*c. Determine n(w).
0
Let p(t) = 3*t - 2*t + 19 + t**2 - 20. Let a(c) = c**2 + 2*c. Let n(i) = -a(i) + 2*p(i). Determine n(0).
-2
Let z(b) = -1. Let m(r) = 2*r**2 + 5*r - 9. Let s(q) = m(q) - 6*z(q). Determine s(-5).
22
Let v(q) = -q**2 - 2*q - 2. Let h(w) = -3*w - 2. Let p be h(-4). Suppose 5*i = 4*n - 8 - 2, -5*i - 4*n - p = 0. Give v(i).
-2
Let m(f) be the first derivative of -f**3/3 - 2*f**2 - 2*f - 2. Suppose -c - 3 = -7. Suppose -5 = c*g + 11. Determine m(g).
-2
Let n = -10 - -7. Suppose -4 = -u - 2. Let t(d) = u*d + d - 1 - d. Give t(n).
-7
Suppose -h + x = 0, -h - 5*x - 6 = -0*h. Suppose -4*o - 2*c + 14 = 0, -5*o - 6*c + 3*c = -19. Let f = h - o. Let j(m) = -4*m - 3. Calculate j(f).
9
Let o(q) = q**2 - 6 - 5*q - 1 + 0*q**2. Let c be 1/(3/(-2))*(-30)/4. What is o(c)?
-7
Let t(z) = -1 + 0 - 26*z**3 + 4*z - 3*z**2 + 3 + 25*z**3. What is t(-3)?
-10
Suppose -4*q = -9*q. Let u(n) = -2*n**2 + n. Let h be u(q). Let w(j) be the second derivative of j**4/12 - j**3/6 + 5*j**2 + j. What is w(h)?
10
Let f be (-5 + 12 - 6)/(0 + -1). Let o(j) = -2*j + 0*j**2 - 11*j**3 + 1 - 2 - j**2. Determine o(f).
11
Let w(v) = 2*v - 1 - 8 + 1. Determine w(6).
4
Suppose h - 20 = -4*h. Let d(t) be the third derivative of 1/120*t**6 + 5/6*t**3 + 1/24*t**h + 1/15*t**5 + t**2 + 0 + 0*t. What is d(-4)?
1
Let k(m) = -m**3 + 6*m**2 - 3*m - 5. Let g be k(5). Let n(b) = 7 - g + b + 0 - 6. What is n(0)?
-4
Let t(z) = -7*z - 9. Let w(o) = -4*o - 5. Let s(a) = -6*t(a) + 11*w(a). Give s(-5).
9
Let p(q) be the third derivative of q**4/24 + q**3/6 - 25*q**2. What is p(4)?
5
Let r(y) = 3*y + 3 - y**2 - y**3 + 14*y**2 - 14*y**2. Give r(-2).
1
Suppose 7 = 3*t - 2. Let a(r) = 2*r + 4. Calculate a(t).
10
Let l(w) = 8*w - 2. Suppose -3*n - 4 = 4*x, 5*n = 4*n - 4. Give l(x).
14
Let a = 220 - 215. Let o(r) = -5*r + 4. Let b(w) = -26*w + 19. Let x(l) = -2*b(l) + 11*o(l). Determine x(a).
-9
Let h(y) = -y + 9. Let w be h(8). Let r(q) = -2 - w - q + 15. What is r(5)?
7
Let t(s) = -7*s**2 - 12*s + 23. Let v(q) = 10*q**2 + 18*q - 34. Let h(o) = -7*t(o) - 5*v(o). Calculate h(-7).
2
Let a be 85/15 - 2/3. Let n(q) = 3 + 0 - 3*q - a. Suppose 3*c + c - p - 5 = 0, 5*c - 2*p = 4. What is n(c)?
-8
Let k(u) = u - 2. Let c be k(-2). Let p(m) be the third derivative of 0*m - 1/24*m**4 - 3*m**2 + 0 - 2/3*m**3. Give p(c).
0
Suppose 0 = 2*k + 2*k + 24. Let d(y) = -y**2 - 7*y + 2. Let u be d(k). Suppose 2*c = -0*c + u. Let v(o) = -o + 7. Give v(c).
3
Let n(z) = z**3 + 3*z**2 + 5*z + 1. Let a(x) = 4*x**3 + 12*x**2 + 21*x + 3. Let p(f) = -2*a(f) + 9*n(f). Determine p(-3).
-6
Let s(a) = a**2 + 6*a + 5. Let r be (-3 + 5 - -6)/(-2). Determine s(r).
-3
Let y(p) = 8*p**3 + 7*p + 7. Suppose 0 = -5*f - 3*i + 4*i - 33, 9 = 3*i. Let r(t) = -7*t**3 - 6*t - 6. Let o(d) = f*y(d) - 7*r(d). Give o(1).
1
Let m(f) = f**3 - 3*f**2 + f + 4. Let l(k) = k**3 - 7*k**2. Let p be 7 - 0*(-3)/(-9). Let g be l(p). Suppose 3 + g = s. Calculate m(s).
7
Suppose 0*p - 4*p - 3*c = -1, p + 6 = -2*c. Let o(x) be the second derivative of -x**4/12 + x**3/3 + 2*x**2 - 10*x. Give o(p).
-4
Let x be 2 - 0/(4/(-1)). Suppose 4*h - x*o - 26 = 0, -2 = -4*o - 6. Let j(l) = -l**3 + 7*l**2 - 6*l - 7. Determine j(h).
-7
Let y(f) = f**2 - 15*f + 20. Let g be y(12). Let z = 22 + g. Let q(t) = t**2 - 8*t + 9. Calculate q(z).
-3
Let i(o) be the third derivative of o**5/60 - 5*o**4/24 + 7*o**3/6 - 6*o**2. What is i(5)?
7
Suppose -4*u + 2*d = -3*d - 49, -d = 5. Let w(a) = a**3 - 6*a**2 + a + 1. Determine w(u).
7
Let o(b) be the third derivative of -b**8/2240 - b**5/120 - b**4/12 + 3*b**2. Let i(v) be the second derivative of o(v). Let y = 4 - 5. Calculate i(y).
2
Let t(n) = -n**2 - 7*n + 3. Let r be t(-7). Let h(j) = 5*j - 3. Give h(r).
12
Let n(l) = l**2 - 4*l. Let b(f) = -f**2 + 4*f + 5. Let a be b(0). What is n(a)?
5
Let g(j) = -j**3 - 7*j**2 - 7*j - 9. Suppose -4*x - 19 = 5. Determine g(x).
-3
Let h(l) be the second derivative of l**3/6 - 9*l**2/2 - l. What is h(6)?
-3
Let q(l) = -2*l**2 + l - 2. Let x be (-76)/(-10) - 12/(-30). Suppose -4*z + 0*z = -x. Determine q(z).
-8
Let x(i) = -11 - i - 2*i + 2*i**2 + 11. Let h be x(2). Let r(c) be the third derivative of c**5/30 - c**4/12 - c**3/6 + c**2. Give r(h).
3
Let c(m) = m + 2. Suppose -2*u - 41 = -2*p - 15, -6 = -3*p. Let q(n) = -2*n - 4. Let f(o) = u*c(o) - 6*q(o). Calculate f(-7).
-5
Let j(g) = g**3 + g. Let q = 7 + -6. Let l be j(q). Let d(y) be the first derivative of y**4/2 - 2*y**3/3 - 9. Calculate d(l).
8
Let n(m) = -m**3 + 7*m**2 - 5*m + 3. Suppose 3*w + 0*w = 18. Give n(w).
9
Let y(v) = v**3 + 4*v**2 - 5*v - 6. Suppose 0 = u - 3*c - 20, -3*u + 0*c = 5*c + 10. Suppose -f + u*f + 20 = 0. What is y(f)?
-6
Let s(b) = b**3 + 4*b**2 + 2*b + 6. Let f be s(-4). Let m(o) be the first derivative of o**4/4 + o**3 + o**2 + o - 8. What is m(f)?
1
Let p(d) = -7*d**2 - 16. Let q(h) = -13*h**2 - 31. Let a(f) = 11*p(f) - 6*q(f). Suppose 0*u = u. Give a(u).
10
Let k(a) be the second derivative of -a + 1/6*a**4 + 1/20*a**5 + 0*a**3 + 0 + a**2. Let w be (-18)/8 + 3/12. Give k(w).
2
Suppose 4*g = 2*g. Let p(r) be the first derivative of -1/4*r**4 + g*r**3 + 0*r + 1/2*r**2 + 1. What is p(2)?
-6
Let f(h) = -h**3 + h + 1. Let o(m) = -m**3 - 7*m**2 + 3*m - 4. Let j(c) = -2*f(c) + o(c). Calculate j(7).
1
Let d(j) = -5 - 1 + 4 + 8*j - 7*j. Determine d(4).
2
Let k(r) = r - 2. Suppose v + 3*v = -4*o + 36, -12 = -4*v. What is k(o)?
4
Let b(m) = -m**3 - 3*m**2 + 4*m + 2. Let u be b(-4). Let n(l) = -7*l + 3*l + u*l + 1 + 1. Calculate n(3).
-4
Let y(u) = 5*u + 7. Let z(v) = 6*v + 7. Let i(c) = 7*y(c) - 6*z(c). Give i(6).
1
Let g = -47 + 283/6. Let x(p) be the second derivative of -2*p + 3*p**2 - g*p**3 + 0. What is x(3)?
3
Let o = 31 - 31. Let r(j) = -j + 8. What is r(o)?
8
Let f = 7 - 2. Let q(c) = -c**2 + 4*c + 2. Determine q(f).
-3
Suppose 2*y = -y. Suppose y = 5*r + 4 + 1. Let n be -1*(6/2 - r). Let w(l) = -l**2 - 6*l - 6. Give w(n).
2
Let m(q) = -q**2 + 5*q + 2*q**2 - 3*q - 2. Let h be m(-3). Let b(s) = 4*s**2 + 1. Determine b(h).
5
Let t = 0 + 3. Let z(g) = -g**2 + 4*g - 3. Determine z(t).
0
Let y(p) = -8*p**2 + 11*p + 2*p**2 - 15*p - 3*p**3. Let q(x) = -2*x**3 - 3*x**2 - 2*x. Let r(j) = 5*q(j) - 3*y(j). Let i be 6/9 - (-20)/6. Determine r(i).
-8
Let s(u) = 5 - 3 + 7*u - 4*u - 3. Calculate s(1).
2
Let g(l) = 17*l**2 + 7*l - 7. Let z(a) = -9*a**2 - 4*a + 4. Let f(r) = 6*g(r) + 11*z(r). Give f(2).
10
Let f(v) be the third derivative of -v**6/60 + v**5/60 + v**4/24 - v**3/3 + 4*v**2. Give f(-2).
16
Let q be (-650)/90 + (-2)/(-9). Let o(w) = -w**3 - 6*w**2 + 7*w + 1. Give o(q).
1
Let v = -100 + 111. Let k(b) be the first derivative of -v*b - 3 + 1/2*b**2. Give k(5).
-6
Let l(g) be the first derivative of -2*g**3/3 + g - 1. Let p(w) = w**2 - 4*w + 3*w + 2*w + 2*w**2 - 2. Let q(b) = -5*l(b) - 3*p(b). What is q(3)?
1
Let w(o) = 8*o**3 - 4*o - 12*o**3 - 4*o**2 + 3*o**3 + 1. Calculate w(-3).
4
Let w(a) = -a**3 - 1. Suppose -5 + 2 = -3*k. Let r be w(k). Let l(i) = 6*i + 2. Calculate l(r).
-10
Let g be 1/(3*(-3)/(-189)). Suppose -o - 2*o = -q - 18, 2*q + g = 3*o. Let r(v) = -v**3 - v**2 + 3*v - 1. Determine r(q).
8
Let g = -148 + 145. Let n(h) = 3*h**3 + 2*h**2 + h - 6. Let m(v) = 16*v**3 + 9*v**2 + 5*v - 31. Let x(o) = 2*m(o) - 11*n(o). Determine x(g).
-2
Let b be 0 - 1*(-2)/(-1). Let u be 7 - 3/(3/b). Suppose 2*t + g - 3 = 0, -5*t + 0*g = g - u. Let j(r) = -6*r + 3. Calculate j(t).
-9
Let s(w) = -w**3 + 2*w**2 + 2*w - 3. Let m be s(2). Suppose 0 = -t + 4 + m. Let j(h) = -h - 9. Let r(n) =